 Give i(q).
2
Let h(g) = 21 + 31 + 4*g + 28 - 86 - g**2. Calculate h(5).
-11
Let a be -16*(-1 - (-1)/2). Suppose -a = -3*y + 1. Let k(o) be the first derivative of o**2 + o + 2. Determine k(y).
7
Let x(d) = -d**3 + 5*d**2 - 6. Suppose -2*o - 6*k - 12 = -3*k, 0 = -5*o + 4*k - 30. Let u = 2 + o. Let f(i) = -i**2 - 5*i + 1. Let a be f(u). What is x(a)?
-6
Let j(x) = -4*x**3 - x**2 + 2*x - 1. Suppose 0 = -2*m - 3 + 1, 0 = 2*f - 5*m + 13. Let y be 4/6*f/(-6). Calculate j(y).
-4
Let w(v) = 13*v**2 - 9*v + 2. Let g(r) = -10*r**2 + 7*r - 2. Let u(m) = 4*g(m) + 3*w(m). What is u(0)?
-2
Let c(z) be the second derivative of -z**6/360 - z**5/20 - z**4/24 + z**3 - 4*z. Let t(h) be the second derivative of c(h). Let u = 34 + -41. What is t(u)?
-8
Let h(q) be the first derivative of q**4/4 - 7*q**3/3 - 5*q**2 + 82. Calculate h(8).
-16
Let l = -306 - -309. Let r(t) = -4*t - 3. Determine r(l).
-15
Let d = -2 - 3. Let y(x) = -x**2 - 5*x + 6. Give y(d).
6
Let f = 290 + -286. Let y(p) = 2*p**2 - 8*p + 4. Determine y(f).
4
Suppose -4*c + 13 = 1. Suppose k + 4 - 13 = -5*v, k = -4*v + 8. Let a(z) = 2*z**2 + k*z - 4*z**2 - z. Calculate a(c).
-9
Suppose -8*n + 22 = 3*n. Suppose -2*a = 3*k - 29, k - 2*k = -n*a + 1. Let p(o) be the first derivative of -o**4/4 + 2*o**3 + 4*o**2 + o - 1. Calculate p(k).
8
Let y(w) be the first derivative of -w**2/2 + 2. Let a(d) = 2 + 2 + 10*d - 2*d**2 + 10*d. Let x be a(10). What is y(x)?
-4
Let x = -24 + 14. Let p = -6 - x. Suppose -p*f + 2 = -6. Let i(v) = -2*v + 2. What is i(f)?
-2
Let y(v) = 4*v**3 + 7*v**2 - 4. Let j be y(-2). Let l(o) = o**3 + 7*o**2 - o - 4. Let z(t) = t - 1. Let p(d) = -l(d) + 5*z(d). What is p(j)?
15
Let h(r) = r**3 - 3*r**2 - 3*r + 5. Let k be h(2). Let q be ((-3 + 6)*-1 - k) + 0. Let s(p) = -p**3 + 3*p**2 - 3*p. What is s(q)?
-2
Let x(s) = -s**2 + s + 1. Let d(z) = z**3 + 2*z - 7. Let y(f) = -d(f) + x(f). Let h = -10 - -17. Suppose -9*r = -h*r. What is y(r)?
8
Let s(o) be the second derivative of o**5/20 + 7*o**4/12 + o**3/3 + 5*o**2 + 2*o - 140. Give s(-7).
-4
Let w(q) = -q**3 + 2*q. Let p(r) = 4*r**3 - 2*r**2 - 7*r - 4. Let v(u) = -p(u) - 5*w(u). Let i = -2 + -1. What is v(i)?
4
Let m = -10 - -8. Let v(c) = 1. Suppose 2*z - 6*z + 6 = 2*o, -5*z = -4*o - 1. Let s(d) = 5*d - 3. Let l(j) = o*s(j) + 5*v(j). Calculate l(m).
-8
Let l(w) = -w**3 + 2*w**2 + 3*w + 2. Let n be l(3). Let y(p) = -4*p + 10 - 20 + 29 - 17. Determine y(n).
-6
Suppose -11 = -3*o + 2*o. Suppose 5*f - o = 19. Let w(m) be the second derivative of -m**4/12 + 5*m**3/6 + 4*m**2 - 4*m. Determine w(f).
2
Let f be (-3)/(-9)*(1 - 10). Let b = f + 5. Suppose 0 = 5*z - 13 - b. Let o(g) = g**3 - 5*g**2 + 4*g + 1. Give o(z).
-5
Let k(w) = 2*w - 2. Let p(b) = 3*b + 8*b - 14*b + 4*b - 3. Let d = 5 - 0. Let h be p(d). Determine k(h).
2
Let w = 858 - 855. Let u(t) = t**3 - 11*t + 4. Determine u(w).
-2
Let x(f) = -6*f**3 - f**2 - f. Let u be x(-1). Let b = -12 + u. Let t(l) be the third derivative of -l**5/60 - l**4/6 + 5*l**3/6 - 11*l**2. Give t(b).
-7
Let g(q) = -3. Let u(b) = b - 6. Suppose k + 7 = -0*k. Let o(j) = k*g(j) + 4*u(j). Determine o(-3).
-15
Let u(g) = 3*g**2 + 2*g - 5. Let p(z) = -10*z**2 - 5*z + 15. Let i(q) = -2*p(q) - 7*u(q). What is i(-4)?
5
Let m(f) = -4*f - 3. Suppose 2*x = x + 2. Let l be (1 + 4 - 2)*5. Suppose x*i = -3*i - l. Determine m(i).
9
Let y(q) = -3*q - 6. Let g(t) = -6*t**2 + 0*t**2 - 3 + t**3 + 4*t - 2*t**3 - 14*t. Let z be g(-4). Suppose 27 - 7 = -z*v. What is y(v)?
6
Suppose -3*x = -15 + 12. Suppose -x = 2*i + o, 0 = i - 4*o + 2*o - 7. Let c(z) = -9*z**2. Calculate c(i).
-9
Let c(k) = k**2 + 5*k - 7. Let w(i) be the second derivative of i**4/12 - i**3/6 - 3*i**2 - 6*i. Let o be w(4). Let s be -6 - -2 - (-4 + o). Determine c(s).
-1
Let f = -2322 - -2329. Let o(u) = u**2 - 4*u + 8. What is o(f)?
29
Let w(b) = 3 + b**3 + 2*b**3 - 2*b**3 + 3 - 4*b**2 - 4*b. Suppose -5*g - 5*q = 0, 4*g - 15 = -10*q + 9*q. Calculate w(g).
11
Let g(n) = n - 9. Let f(j) = 20*j - 31. Let o(a) = -f(a) + 6*g(a). Determine o(-2).
5
Let h be -1*(-6 - (-4 + 1)). Let j(y) = -4*y**2 + 6*y**2 + 5 - 2*y - h*y**2 - 1. Calculate j(-3).
1
Let z = 13 + -12. Let t(w) = -w + z + 3*w**2 - w**2 - 3*w**2. Determine t(0).
1
Let n(v) = -6 + 67*v + 71*v - 137*v. Determine n(2).
-4
Suppose 8 = -g - g. Let q be ((-30)/g)/(9/6). Let z(a) = -10*a**3 + 17*a**3 - 6*a**3 + q*a**2 + 2 - 4*a + 5. What is z(-6)?
-5
Let m(d) be the first derivative of -5*d**2/2 - d + 298. What is m(-1)?
4
Let v(p) = -13*p - 8. Let h(t) = -8*t. Let c(a) = -h(a) + v(a). Calculate c(-9).
37
Suppose 2 = -7*t - 5. Let f(m) = -7*m**2 + 2*m**2 - 1 + 10*m**2. Give f(t).
4
Suppose -3*o + 4 = -5*g, 3*o = 4*g - 1 + 3. Let j(b) = 3*b**2 + 2*b + 2. Let t(p) = -53 - 6*p + p - 7*p**2 + 50. Let z(h) = g*t(h) - 5*j(h). What is z(3)?
-13
Let k(c) = c**2 - 4*c + 2. Let v be -2 + 7/((-28)/16). Let h be ((-3)/(-2))/((-3)/v). What is k(h)?
-1
Let a(c) = -c**3 + c + 1. Let r be (1 - -1 - 5)/((-3)/39). Let q = r + -37. Determine a(q).
-5
Let o(i) = -i - 4. Suppose 35 = -3*a + 29. Let c be a/(-2 + 4) + -2. Give o(c).
-1
Let i(u) = u**3 + 5*u**2 + u - 1. Let a(y) = -y**3 - 3*y**2 + y. Let t(h) = -5*a(h) - 4*i(h). What is t(6)?
-14
Let m(y) = -14*y**2 + y - 6. Let o(b) = 30*b**2 - 2*b + 11. Let t(g) = -11*m(g) - 6*o(g). What is t(1)?
-25
Let y(i) = -i + 5. Let w be y(-4). Let p(t) = t**3 - 6*t**2 + 7*t - 6. Let s be p(4). Let c = w + s. Let l(h) = 11*h**3 + h**2. What is l(c)?
-10
Let t(w) = 94*w + 654. Let b be t(-7). Let h(p) be the first derivative of p**3/3 + 5*p**2 + 2*p - 1. Calculate h(b).
-22
Let k(f) = f + 15. Let g be k(-9). Suppose t - g = -1. Let z(r) = -r - 1. Let o(q) = 3*q + 9. Let u(s) = -o(s) - 4*z(s). What is u(t)?
0
Let n(w) be the third derivative of -w**5/60 + w**4/6 + w**3/3 + 4*w**2. Suppose -19 = b + 5*v, -14 + 81 = -3*b - 5*v. Let c = -19 - b. Calculate n(c).
-3
Let b = -63 - -66. Let d(m) = 2*m - 28*m**b + 53*m**3 - 6*m**2 - 24*m**3. Determine d(6).
12
Let r(h) be the first derivative of -21*h**2/2 - h + 275. Give r(3).
-64
Let o(n) = -3*n**3 + n**2 + 2*n + 1. Suppose -p + 144 = 3*s, 4*s + p + 2*p = 192. Let q = -32 + s. Suppose 3*m = -q + 13. Calculate o(m).
3
Let v be (-12)/(-30)*5 + 1. Let c(z) = -2*z + 2. Let k(r) = -4*r + 4. Let a(w) = v*k(w) - 5*c(w). Determine a(-3).
8
Let w(r) = -r**2 - 4*r + 3. Let g be w(-4). Suppose -3*a + 4*a - 4 = 0. Suppose -g = q - a. Let z(m) = 7*m**2 - 2*m + 1. Calculate z(q).
6
Suppose -5*d = 2*h - 3*h - 8, 4*d = 3*h + 2. Let q(y) = -12*y - 14*y - 2 + 25*y + 3*y**d. Determine q(-2).
12
Let m = 158 - 154. Let x(p) = 3*p - 8. Determine x(m).
4
Let g(t) = -2*t - 2. Suppose 3*s - 22 + 7 = 0, s = y - 43. Let n be (6/y*-4)/(2/16). What is g(n)?
6
Let h(c) = c**3 - c**2 - 3*c + 6. Let y = 85 + -81. What is h(y)?
42
Suppose 0 = -z + 2*v + 3, 6*v - v + 10 = 2*z. Let k(t) = -24*t**3 - 18*t**3 - 5*t**2 + 1 + t + 60*t**3 - 19*t**3 - 2. Determine k(z).
-6
Let k(o) be the first derivative of -o**4/12 + 4*o**3/3 + 13*o**2/2 - 16*o - 13. Let y(z) be the first derivative of k(z). Give y(9).
4
Let q = 66 + -65. Let y(d) = -4*d + 7*d - 5*d + q - 4*d. Let j be ((-1)/(-2))/(2/(-4)). Give y(j).
7
Let h(l) = -30*l - 10. Let m = -24 - -29. Let a(r) = -20*r - 7. Let t(z) = m*h(z) - 7*a(z). Determine t(1).
-11
Let l(g) = -g**3 - g + 1. Let a(v) = -2*v**2 - 2*v - 5. Let c(j) = -3*j**2 - 2*j - 6. Let f(u) = 4*a(u) - 3*c(u). Let w(d) = -f(d) + l(d). Give w(0).
3
Let l(z) = -2*z**2 - 9*z - 9. Let a = -467 - -464. Determine l(a).
0
Let h(r) = 11*r - 19. Let m(c) = 5*c - 9. Let k be ((-1)/(-3))/((-4)/(-48)). Let i(v) = k*h(v) - 9*m(v). What is i(3)?
2
Let i be 2 - (0 + (-4 - -4)). Suppose 0 = 49*b - 47*b + i. Let r(c) = -23*c. Give r(b).
23
Let r(n) = -n**3 + 4*n**2 + 3*n - 6. Suppose -35 + 15 = -4*b. Calculate r(b).
-16
Let p be 0 - (2 + (-1 - 5) + 0). Let a(v) be the first derivative of 0*v**2 - p + 2*v - 2*v**3 - 1/4*v**4. Determine a(-6).
2
Let q(u) = 2*u**2 - 7*u - 2. Let y(t) = -t**3 - 3*t**2 - 2*t - 19. Let j be y(-4). Determine q(j).
13
Let g(b) = 0 + b - 1 + 2*b - 5*b + 3. What is g(4)?
-6
Let c(y) = y**3 - 8*y**2 - 7*y - 6. Let f = 257 + -248. Give c(f).
12
Suppose -5*k + k = -96. Let q = 18 - k. Let h(x) = -x**2 - 7*x - 4. Calculate h(q).
2
Let g(a) = 13*a + 3. Let t be ((-63)/(-3)